{"id":702,"date":"2019-12-17T11:02:09","date_gmt":"2019-12-17T11:02:09","guid":{"rendered":"http:\/\/saanajaolli.com\/store_092\/?post_type=product&#038;p=702"},"modified":"2025-06-26T20:10:19","modified_gmt":"2025-06-26T20:10:19","slug":"ne-kesayot-poster","status":"publish","type":"product","link":"https:\/\/saanajaolli.com\/store_092\/product\/ne-kesayot-poster\/","title":{"rendered":"Ne kes\u00e4y\u00f6t poster"},"content":{"rendered":"","protected":false},"excerpt":{"rendered":"<p>Onnenmaa: Ne kes\u00e4y\u00f6t -poster<\/p>\n<p>In Onnenmaa (lit. Arcadia) pattern we concentrated on brush\u00a0painting and free association to build a dream-like temporarily\u00a0safe space from the daunting world situation.<\/p>\n<p>Size: 50&#215;70 cm (19,7&#215;27,5 inch)<\/p>\n<p>Printed with professional pride on 180 g\/m\u00b2 paper in Kaarina, Finland.<\/p>\n<p>We ship worldwide.<br \/>\nPosters shipped in cardboard tube.<\/p>\n","protected":false},"featured_media":1960,"template":"","meta":{"_acf_changed":false},"product_brand":[],"product_cat":[34,35],"product_tag":[],"class_list":{"0":"post-702","1":"product","2":"type-product","3":"status-publish","4":"has-post-thumbnail","6":"product_cat-paper","7":"product_cat-posters-paper","8":"product_shipping_class-juliste","10":"first","11":"outofstock","12":"sale","13":"taxable","14":"shipping-taxable","15":"purchasable","16":"product-type-simple"},"acf":[],"_links":{"self":[{"href":"https:\/\/saanajaolli.com\/store_092\/wp-json\/wp\/v2\/product\/702","targetHints":{"allow":["GET"]}}],"collection":[{"href":"https:\/\/saanajaolli.com\/store_092\/wp-json\/wp\/v2\/product"}],"about":[{"href":"https:\/\/saanajaolli.com\/store_092\/wp-json\/wp\/v2\/types\/product"}],"wp:featuredmedia":[{"embeddable":true,"href":"https:\/\/saanajaolli.com\/store_092\/wp-json\/wp\/v2\/media\/1960"}],"wp:attachment":[{"href":"https:\/\/saanajaolli.com\/store_092\/wp-json\/wp\/v2\/media?parent=702"}],"wp:term":[{"taxonomy":"product_brand","embeddable":true,"href":"https:\/\/saanajaolli.com\/store_092\/wp-json\/wp\/v2\/product_brand?post=702"},{"taxonomy":"product_cat","embeddable":true,"href":"https:\/\/saanajaolli.com\/store_092\/wp-json\/wp\/v2\/product_cat?post=702"},{"taxonomy":"product_tag","embeddable":true,"href":"https:\/\/saanajaolli.com\/store_092\/wp-json\/wp\/v2\/product_tag?post=702"}],"curies":[{"name":"wp","href":"https:\/\/api.w.org\/{rel}","templated":true}]}}