{"id":699,"date":"2019-12-17T10:15:36","date_gmt":"2019-12-17T10:15:36","guid":{"rendered":"http:\/\/saanajaolli.com\/store_092\/?post_type=product&#038;p=699"},"modified":"2023-03-30T11:53:50","modified_gmt":"2023-03-30T11:53:50","slug":"pavantasaaja-poster","status":"publish","type":"product","link":"https:\/\/saanajaolli.com\/store_092\/product\/pavantasaaja-poster\/","title":{"rendered":"P\u00e4iv\u00e4ntasaaja poster"},"content":{"rendered":"","protected":false},"excerpt":{"rendered":"<p>P\u00e4iv\u00e4ntasaaja -poster<\/p>\n<p>Size: 30&#215;30 cm<\/p>\n<p>Printed with professional pride on 180 g\/m\u00b2 paper in Kaarina, Finland.<\/p>\n<p>We ship worldwide.<br \/>\nPosters shipped in cardboard tube.<\/p>\n","protected":false},"featured_media":1963,"template":"","meta":{"_acf_changed":false},"product_brand":[],"product_cat":[34,35],"product_tag":[],"class_list":{"0":"post-699","1":"product","2":"type-product","3":"status-publish","4":"has-post-thumbnail","6":"product_cat-paper","7":"product_cat-posters-paper","8":"product_shipping_class-juliste","10":"first","11":"outofstock","12":"sale","13":"taxable","14":"shipping-taxable","15":"purchasable","16":"product-type-simple"},"acf":[],"_links":{"self":[{"href":"https:\/\/saanajaolli.com\/store_092\/wp-json\/wp\/v2\/product\/699","targetHints":{"allow":["GET"]}}],"collection":[{"href":"https:\/\/saanajaolli.com\/store_092\/wp-json\/wp\/v2\/product"}],"about":[{"href":"https:\/\/saanajaolli.com\/store_092\/wp-json\/wp\/v2\/types\/product"}],"wp:featuredmedia":[{"embeddable":true,"href":"https:\/\/saanajaolli.com\/store_092\/wp-json\/wp\/v2\/media\/1963"}],"wp:attachment":[{"href":"https:\/\/saanajaolli.com\/store_092\/wp-json\/wp\/v2\/media?parent=699"}],"wp:term":[{"taxonomy":"product_brand","embeddable":true,"href":"https:\/\/saanajaolli.com\/store_092\/wp-json\/wp\/v2\/product_brand?post=699"},{"taxonomy":"product_cat","embeddable":true,"href":"https:\/\/saanajaolli.com\/store_092\/wp-json\/wp\/v2\/product_cat?post=699"},{"taxonomy":"product_tag","embeddable":true,"href":"https:\/\/saanajaolli.com\/store_092\/wp-json\/wp\/v2\/product_tag?post=699"}],"curies":[{"name":"wp","href":"https:\/\/api.w.org\/{rel}","templated":true}]}}