{"id":646,"date":"2020-02-18T09:55:01","date_gmt":"2020-02-18T09:55:01","guid":{"rendered":"http:\/\/saanajaolli.com\/store_092\/?post_type=product&#038;p=646"},"modified":"2026-02-24T08:00:40","modified_gmt":"2026-02-24T08:00:40","slug":"mielenmaisemia-cosmetic-bag","status":"publish","type":"product","link":"https:\/\/saanajaolli.com\/store_092\/product\/mielenmaisemia-cosmetic-bag\/","title":{"rendered":"Mielenmaisemia cosmetic bag"},"content":{"rendered":"","protected":false},"excerpt":{"rendered":"<p>Mielenmaisemia (Mindscapes) cosmetic bag<\/p>\n<p>With Mielenmaisemia (lit. Mindscapes) we wanted to celebrate beauty, memories and imagination. To find meaningful existance you don\u2019t have to travel far.<\/p>\n<p>Sizes:<\/p>\n<p>26x18x13 cm<\/p>\n<p>36x27x18 cm<\/p>\n<p>Fabric: European 100% hemp fabric<br \/>\n[ wash: 40\u00b0C (140\u00b0F) | iron: high heat with steam 200\u00b0C ]<\/p>\n<p>Transparently manufactured in\u00a0<a href=\"https:\/\/www.saanajaolli.com\/site\/#production\" target=\"_blank\" rel=\"noopener noreferrer\">Finland.<\/a><\/p>\n<p>We ship worldwide.<\/p>\n<hr \/>\n<p>Mielenmaisemia kosmetiikkalaukku<\/p>\n<p>Mielenmaisemia -kuosilla halusimme maalata oodin muistoille, estetiikalle ja mielikuvitukselle. L\u00f6yt\u00e4\u00e4kseen merkityksellisyytt\u00e4 ei tarvitse l\u00e4hte\u00e4 kauas.<\/p>\n<p>Kangas: EU:ssa valmistettu 100% hamppukangas<br \/>\n[ pesu: 40\u00b0C \u00a0| silitys: high heat with steam 200\u00b0C ]<\/p>\n<p>Valmistettu l\u00e4pin\u00e4kyv\u00e4sti Suomessa.<\/p>\n","protected":false},"featured_media":903,"template":"","meta":{"_acf_changed":false},"product_brand":[],"product_cat":[20,33],"product_tag":[],"class_list":{"0":"post-646","1":"product","2":"type-product","3":"status-publish","4":"has-post-thumbnail","6":"product_cat-hemp-textiles","7":"product_cat-cosmetic-bags-hemp-textiles","8":"product_shipping_class-postipaketti-xs","10":"first","11":"instock","12":"taxable","13":"shipping-taxable","14":"purchasable","15":"product-type-variable"},"acf":[],"_links":{"self":[{"href":"https:\/\/saanajaolli.com\/store_092\/wp-json\/wp\/v2\/product\/646","targetHints":{"allow":["GET"]}}],"collection":[{"href":"https:\/\/saanajaolli.com\/store_092\/wp-json\/wp\/v2\/product"}],"about":[{"href":"https:\/\/saanajaolli.com\/store_092\/wp-json\/wp\/v2\/types\/product"}],"wp:featuredmedia":[{"embeddable":true,"href":"https:\/\/saanajaolli.com\/store_092\/wp-json\/wp\/v2\/media\/903"}],"wp:attachment":[{"href":"https:\/\/saanajaolli.com\/store_092\/wp-json\/wp\/v2\/media?parent=646"}],"wp:term":[{"taxonomy":"product_brand","embeddable":true,"href":"https:\/\/saanajaolli.com\/store_092\/wp-json\/wp\/v2\/product_brand?post=646"},{"taxonomy":"product_cat","embeddable":true,"href":"https:\/\/saanajaolli.com\/store_092\/wp-json\/wp\/v2\/product_cat?post=646"},{"taxonomy":"product_tag","embeddable":true,"href":"https:\/\/saanajaolli.com\/store_092\/wp-json\/wp\/v2\/product_tag?post=646"}],"curies":[{"name":"wp","href":"https:\/\/api.w.org\/{rel}","templated":true}]}}