{"id":43250,"date":"2022-12-07T15:56:30","date_gmt":"2022-12-07T15:56:30","guid":{"rendered":"https:\/\/saanajaolli.com\/store_092\/?post_type=product&#038;p=43250"},"modified":"2026-04-18T12:42:16","modified_gmt":"2026-04-18T12:42:16","slug":"kaukana-kotoa-slippers","status":"publish","type":"product","link":"https:\/\/saanajaolli.com\/store_092\/product\/kaukana-kotoa-slippers\/","title":{"rendered":"Kaukana kotoa slippers"},"content":{"rendered":"","protected":false},"excerpt":{"rendered":"<p>Kaukana kotoa (Far away) slippers<\/p>\n<p>Life is a patchwork map of our memories. In Kaukana kotoa (Far Away) collection we painted memories and moments that combined build up human existence.<\/p>\n<p>Beige fabric &#8211; black print<\/p>\n<p>Sizes:<br \/>\n36-38 (25 cm\u00a0| 9,8 inch)<br \/>\n39-41 (26 cm | 10,2 inch)<br \/>\n42-44 (28 cm | 11 inch)<\/p>\n<p>Fabric: European 100% hemp fabric.<br \/>\nFilling: 100% recycled textile fiber. Made in Finland.<br \/>\n[ wash: 30\u00b0C (86\u00b0F) | iron: high heat with steam 200\u00b0C | r<span class=\"s1\">eshape whilst damp<\/span> ]<\/p>\n<p>100% pure hemp fabric may shrink about 5% to 10% after first washing.<\/p>\n<p>Transparently manufactured in\u00a0<a href=\"https:\/\/www.saanajaolli.com\/site\/#production\" target=\"_blank\" rel=\"noopener noreferrer\">Finland.<\/a><\/p>\n<p>We ship worldwide.<\/p>\n<hr \/>\n<p>Kaukana kotoa (Far Away) tossut<\/p>\n<p>El\u00e4m\u00e4 on muistojen tilkkut\u00e4kki. Kaukana kotoa -mallistoon maalasimme el\u00e4m\u00e4n varrelta kauniita hetki\u00e4, n\u00e4kymi\u00e4 ja ker\u00e4ttyj\u00e4 muistoja l\u00e4helt\u00e4 ja kaukaa.<\/p>\n<p>Beige kangas &#8211; musta printti<\/p>\n<p>Koot (sis\u00e4mitta):<br \/>\n36-38 (25 cm)<br \/>\n39-41 (26 cm)<br \/>\n42-44 (28 cm)<\/p>\n<p>Kangas: EU:ssa valmistettu 100% hamppukangas<br \/>\nT\u00e4ytevanu: Suomessa valmistettu 100% kierr\u00e4tetty tekstiilikuitumatto.<br \/>\n[ pesu: hienopesu 30\u00b0C | silitys: \u2022\u2022\u2022 max 200\u00b0C\u00a0| muotoile\u00a0kosteana ]<\/p>\n<p>100% hamppukangas voi kutistua 5-10% ensimm\u00e4isess\u00e4 pesussa.<\/p>\n<p>Valmistettu l\u00e4pin\u00e4kyv\u00e4sti Suomessa.<\/p>\n","protected":false},"featured_media":43356,"template":"","meta":{"_acf_changed":false},"product_brand":[],"product_cat":[20,58],"product_tag":[],"class_list":{"0":"post-43250","1":"product","2":"type-product","3":"status-publish","4":"has-post-thumbnail","6":"product_cat-hemp-textiles","7":"product_cat-clothing","8":"product_shipping_class-postipaketti-s","10":"first","11":"instock","12":"taxable","13":"shipping-taxable","14":"purchasable","15":"product-type-variable"},"acf":[],"_links":{"self":[{"href":"https:\/\/saanajaolli.com\/store_092\/wp-json\/wp\/v2\/product\/43250","targetHints":{"allow":["GET"]}}],"collection":[{"href":"https:\/\/saanajaolli.com\/store_092\/wp-json\/wp\/v2\/product"}],"about":[{"href":"https:\/\/saanajaolli.com\/store_092\/wp-json\/wp\/v2\/types\/product"}],"wp:featuredmedia":[{"embeddable":true,"href":"https:\/\/saanajaolli.com\/store_092\/wp-json\/wp\/v2\/media\/43356"}],"wp:attachment":[{"href":"https:\/\/saanajaolli.com\/store_092\/wp-json\/wp\/v2\/media?parent=43250"}],"wp:term":[{"taxonomy":"product_brand","embeddable":true,"href":"https:\/\/saanajaolli.com\/store_092\/wp-json\/wp\/v2\/product_brand?post=43250"},{"taxonomy":"product_cat","embeddable":true,"href":"https:\/\/saanajaolli.com\/store_092\/wp-json\/wp\/v2\/product_cat?post=43250"},{"taxonomy":"product_tag","embeddable":true,"href":"https:\/\/saanajaolli.com\/store_092\/wp-json\/wp\/v2\/product_tag?post=43250"}],"curies":[{"name":"wp","href":"https:\/\/api.w.org\/{rel}","templated":true}]}}